 is the greatest common factor of 21 and n?
21
Let a(p) = -7*p**2 + p + 3. Let c be a(0). Calculate the highest common divisor of c and 33.
3
Let g(x) = -x**3 + 2*x**2 - x + 4. Let f = 23 - 18. Suppose -f*o + 5*n + 10 = -0*n, -3*n = 0. Let b be g(o). Calculate the greatest common factor of 4 and b.
2
Suppose 3*l - 274 = -c - c, -3*c + 455 = 5*l. Let j be 1/2 - (-120)/16. What is the greatest common factor of j and l?
8
Suppose 4*a - 20 = -0. Suppose -a*i + 106 = -5*b - 129, 0 = -2*i - 3*b + 114. Calculate the highest common divisor of i and 17.
17
Suppose 4*n + 414 + 306 = 4*u, -4*u + 714 = -2*n. Suppose -2*h - t = -u, -2*t = 4*h - t - 353. Calculate the greatest common factor of 11 and h.
11
Suppose 0 = 14*y - 3239 + 985. Calculate the greatest common factor of 184 and y.
23
Suppose 1240 = 5*l - 4*p, 8*l - 12*l - 2*p + 1018 = 0. Calculate the highest common divisor of 819 and l.
63
Suppose -2*g + 5*g = 5*f + 43, -g + 1 = f. Suppose -40 = -s + g*s. Let o(d) = -3*d. Let n be o(s). What is the greatest common divisor of n and 12?
12
Let m = 377 - 372. Calculate the highest common factor of 75 and m.
5
Let k = -60 - -137. Let f = k - 56. Calculate the highest common divisor of f and 21.
21
Let w be -1 + 6 + (-13 - -10). Let x = -3 + -5. Let n = 11 + x. What is the greatest common divisor of n and w?
1
Let x = 225 - 223. Let k = -4 + 6. Suppose k = x*l - 5*d - 16, -d - 36 = -4*l. What is the highest common divisor of l and 6?
3
Let b be (-61)/(-1) - ((-9 - 3) + 13). Calculate the highest common divisor of b and 540.
60
Let y be 5 + -1 + (55 - -9). Let m be (y/16 - 3)*4. Let d = 35 + -25. Calculate the greatest common factor of m and d.
5
Let h(f) = 629*f**3 + f**2 - 3*f + 2. Let n be h(1). What is the highest common divisor of 34 and n?
17
Let q be (-6 + 1306 - 0)*(-2)/(-4). Calculate the highest common factor of 13 and q.
13
Let p = -1078 + 1090. Calculate the greatest common factor of 1296 and p.
12
Let v(t) = t**2 - 4*t + 6. Let d be v(3). Suppose n - d = 12. What is the highest common divisor of n and 105?
15
Let g(q) = 14*q**2 + 5*q. Let l be g(-4). Calculate the greatest common factor of 68 and l.
68
Suppose -b = -3*v + v - 17, -b = 4*v - 23. Let k be -33*2*b/(-6). Suppose -24*u + 371 = 52*u - 1073. Calculate the highest common divisor of k and u.
19
Let p(a) = 8*a - 42. Let z be p(6). Calculate the highest common divisor of 3 and z.
3
Suppose -5*i + 4*n - 12 + 1 = 0, 4*i + 14 = -2*n. Let y be 5 - i/(1 + -1 + -1). What is the greatest common factor of 9 and y?
1
Let v be ((-1133)/(-618))/(2/12 + 0). Let k = 8 - -36. What is the greatest common factor of k and v?
11
Let j be 2 + -8 + 2 - (-151)/1. Calculate the highest common factor of 14 and j.
7
Let q = 61 - -36. Suppose 2*g - q + 9 = 0. Suppose 0 = 3*h - h - g. What is the highest common divisor of 55 and h?
11
Suppose -15*l + 1297 = 352. What is the greatest common factor of 252 and l?
63
Suppose 0 = 24*x - 23*x - 3. Suppose 13 + 8 = x*r. What is the highest common factor of r and 7?
7
Let i = 23 - 12. Let s = -71 + -10. Let h be 3 - 6 - (s + 1). What is the highest common divisor of h and i?
11
Let s(i) = 6*i - 20. Let p be s(4). What is the highest common divisor of p and 34?
2
Suppose 4*w - 317 = 19. Let h(k) = 2*k**3 + 12*k**2 - 273*k - 24. Let x be h(-15). What is the highest common divisor of w and x?
21
Suppose 2*q = -2*q + 4*p - 20, -8 = -4*p. Let j be 4 - (-46 + q/3). What is the highest common factor of 68 and j?
17
Let d be 4/(-14) + 1815/7. Let c(a) = -2*a - 35. Let w be c(-36). What is the greatest common factor of w and d?
37
Let u = -667 - -832. What is the greatest common divisor of u and 440?
55
Suppose 0 = -3*y - 28 + 259. Let h = -68 + y. Calculate the greatest common factor of 9 and h.
9
Suppose 3*b - 18 = 3*u + 15, 0 = b + u - 1. Let j be -1 - -17 - 16/16. What is the greatest common factor of b and j?
3
Let b = -37 + 55. Let a be 10/(-5) + b + 1. What is the highest common divisor of 187 and a?
17
Let b be -2 - (3 - 4)*-2. Let l be (3/(-4))/(b/16). Calculate the greatest common divisor of l and 15.
3
Let s(l) = l**3 + 16*l**2 + 3*l - 188. Let t be s(-13). What is the greatest common factor of t and 80?
40
Suppose 8 - 4 = 2*v. Suppose v = -3*c + 74. Suppose s = 5*s - c. Calculate the greatest common divisor of 4 and s.
2
Let y(z) = 183*z - 2906. Let l be y(16). Let a be (-3)/(9/(-11))*21. What is the highest common factor of a and l?
11
Suppose -42*h = -59*h + 306. What is the greatest common divisor of 261 and h?
9
Let n be -6 - (-42 + (8 - 2)). Calculate the highest common divisor of n and 40.
10
Suppose -4*k + 92 = 32. Let g(a) = -a + 11. Let y be g(6). What is the highest common factor of y and k?
5
Let r(p) = 11*p + 188. Let u be r(23). What is the highest common divisor of u and 9?
9
Let r(t) = -3 - 6*t - 2 + 0 + 2*t. Let c be r(-2). What is the highest common factor of c and 12?
3
Suppose 18 = 2*o - 0*o. Suppose 43 - 47 = -i. Suppose i*c + 122 + 119 = 5*m, -5*m - 3*c + 213 = 0. Calculate the greatest common divisor of o and m.
9
Suppose -292 = -30*r + 158. Calculate the greatest common divisor of r and 69.
3
Let w = -19 - 3. Let b be (-1)/((w/200)/11). Calculate the highest common factor of 20 and b.
20
Suppose 3*x = -5*g - 13, 0*x + 3*x + 3*g + 3 = 0. Suppose x*c - 15 = -c. Let k be (c - 3) + -3 + 21. Calculate the highest common factor of k and 198.
18
Let m = -32 - -59. Let s = -299 + 308. What is the highest common factor of s and m?
9
Let t = 56 + -51. Suppose t*g - 90 = -0*g. Calculate the highest common divisor of 6 and g.
6
Suppose 0 = -3*b + g + 22, -2*b + 5*g + 8 = 2. Suppose -b*u = -301 + 77. Let v = 737 - 485. Calculate the greatest common factor of v and u.
28
Let j(l) = 9*l + 559. Let v be j(-31). What is the highest common factor of 7 and v?
7
Suppose 66 = -q + 75. Suppose 7*t - 2160 = -q*t. What is the highest common factor of t and 54?
27
Suppose -3*m = -j - 17, -j - 1 = -5. Suppose m = 2*k - 29. Calculate the greatest common divisor of 9 and k.
9
Let g(a) = -a**3 - 4*a**2 - a - 3. Let f(h) = -h**2 + 9*h - 20. Let r be f(7). Let z be g(r). Calculate the highest common divisor of 30 and z.
15
Let s(z) = z**2 - 5*z + 7. Let q be s(4). Let l be 2 + (1 - 5) + q. Calculate the greatest common factor of l and 1.
1
Suppose t + 2805 = 6*t. Calculate the greatest common factor of 33 and t.
33
Let k = 28 - 21. Suppose -k*q + 4 = -6*q. Suppose 0*s + 63 = 3*s + 3*r, -2*r - 96 = -q*s. What is the highest common factor of 184 and s?
23
Suppose -6 + 12 = 2*s, -4*s - 464 = -4*h. Calculate the greatest common factor of 7 and h.
7
Let b(i) = -i + 170. Let d be b(0). Let z be d/45 + 2/9. Let y be z/(-6) - 344/(-12). Calculate the greatest common factor of y and 14.
14
Let j be 1 - 3 - -2 - -12. Calculate the highest common divisor of j and 1620.
12
Suppose 0 = -5*p - o + 74, 3*o + 0*o = 3*p - 48. Suppose -6*t + 660 = 38*t. Calculate the greatest common divisor of p and t.
15
Suppose 0 = -3*y + 4*y + 13*j - 40, 120 = 3*y + 5*j. Calculate the greatest common factor of 760 and y.
40
Let z = -563 - -603. What is the greatest common divisor of z and 460?
20
Suppose -v - 22 = 3*o, -5*o - 40 = -2*v + 4*v. Let f be (42/v)/(15/(-50)). What is the highest common factor of 84 and f?
14
Let k be -4 - (-85)/20 - (-383)/4. Calculate the highest common factor of 36 and k.
12
Suppose 188 = 4*o - 2*h, -431*o = -435*o - 3*h + 158. Suppose -d + 16 = -94. Calculate the greatest common divisor of o and d.
22
Let i be (-4)/(-18) + -3740*8/(-144). What is the greatest common factor of i and 16?
16
Let u(f) = f**2 - 4*f - 5. Let g be u(5). Let p(t) = t**2 + 18. Let y be p(g). Calculate the greatest common divisor of y and 144.
18
Let n(w) = -3*w - 10. Let l be n(6). Let f = 26 - l. Calculate the greatest common factor of 6 and f.
6
Let o(t) = 3*t**2 + 19*t + 29. Let f be o(-6). What is the highest common divisor of f and 391?
23
Let x be -2*-1*20/8. Suppose -x*s + 16 = -24. Let a(m) = m**3 + 7*m**2 + m - 4. Let t be a(-4). Calculate the highest common divisor of s and t.
8
Let b(y) = -y**2 + 3*y + 2. Let u be b(4). Let z(k) = -4*k**3 - 3*k**2 - 3*k - 6. Let r be z(u). Calculate the highest common factor of r and 70.
10
Suppose 0 = 2*h - h + 33. Let o be (-3)/(-9) + h/(-9). Suppose 